{"id":4,"date":"2016-10-30T09:49:04","date_gmt":"2016-10-30T09:49:04","guid":{"rendered":"http:\/\/www.himbeergelb.ch\/?page_id=4"},"modified":"2025-10-20T20:12:42","modified_gmt":"2025-10-20T18:12:42","slug":"ueber-mich","status":"publish","type":"page","link":"https:\/\/www.himbeergelb.ch\/?page_id=4","title":{"rendered":"\u00dcber mich"},"content":{"rendered":"\n<div class=\"wp-block-group is-layout-flow wp-block-group-is-layout-flow\"><div class=\"wp-block-group__inner-container\">\n<div class=\"wp-block-columns is-layout-flex wp-container-core-columns-layout-1 wp-block-columns-is-layout-flex\">\n<div class=\"wp-block-column is-layout-flow wp-block-column-is-layout-flow\" style=\"flex-basis:100%\"><\/div>\n<\/div>\n<\/div><\/div>\n\n\n\n<p>Herzlich willkommen bei Himbeergelb! Ich bin Sandra, Mutter von drei Kindern im Alter von vierzehn, dreizehn und elf Jahren. Ich koche und backe ohne Milch, Ei, Soja, N\u00fcsse, H\u00fclsenfr\u00fcchte und Fisch seit feststeht, dass unser \u00e4ltester Sohn allergisch auf diese Nahrungsmittel reagiert. Die Rezepte, die seither entstanden sind, m\u00f6chte ich auf dieser Website teilen und hoffe, dass sie den einen oder anderen im Alltag und im Umgang mit Allergien unterst\u00fctzen. Also bitte weitersagen!<\/p>\n\n\n\n<p><br>Als ich vor rund dreizehn Jahren mit dem Thema Nahrungsmittelallergien konfrontiert wurde, stand ich auf verlorenem Posten. Unser erster Sohn, erst ein paar Monate alt, hatte stark ausgepr\u00e4gte Neurodermitis. Dass der Ausl\u00f6ser daf\u00fcr eine Allergie auf Milcheiweiss und weitere Nahrungsmittel war, wurde erst einige Wochen sp\u00e4ter per Bluttest klar. <\/p>\n\n\n\n<!--more-->\n\n\n\n<p>Ich stand vor einer grossen Herausforderung &#8211; was w\u00fcrden wir in Zukunft essen k\u00f6nnen? Zu Beginn bekam unser Baby voll hydrolysiertes Milchpulver (speziell f\u00fcr Allergiker), danach die ersten Breie mit Gem\u00fcse und Hirse.<\/p>\n\n\n\n<p>Aber nach und nach wurde klar: Die Allergien unseres Sohnes bedeuteten eine komplette Umstellung und Anpassung unserer gewohnten Ern\u00e4hrung. S\u00e4mtliche Milchprodukte, Eier, Soja und weitere H\u00fclsenfr\u00fcchte, N\u00fcsse\/Samen\/Kerne und Fisch mussten wir weglassen. Wir hatten diverse Termine bei der Ern\u00e4hrungsberaterin, um sicherzustellen, dass wir alle N\u00e4hrstoffe ber\u00fccksichtigten. Die Umstellung erforderte Geduld, ist mittlerweile aber zur Gewohnheit und Normalit\u00e4t geworden. <\/p>\n\n\n\n<p>Vor allem zu Beginn legte ich grossen Wert darauf, dass wir als Familie alle dasselbe essen und nicht immer jemand eine Ausnahme bildet. Die Allergien sollten nicht zum Hauptthema werden, sondern so normal sein, wie es eben geht. Hinzu kommt, dass j\u00fcngere Geschwister auch mal kleckern, was f\u00fcr unseren Allergiker bereits zum Problem werden k\u00f6nnte. Damit wir also einigermassen entspannt am Familientisch zusammen essen konnten, war es deswegen viel einfacher, gleich ganz auf gewisse Produkte zu verzichten. <\/p>\n\n\n\n<p>Unser Fokus liegt denn auf den Nahrungsmitteln, die unser Sohn essen darf: gekochtes Gem\u00fcse und Fr\u00fcchte (ausser H\u00fclsenfr\u00fcchte), glutenfreies Getreide, Fleisch. Auf Gluten verzichtet unser Sohn seit einigen Jahren wegen der chronischen Entz\u00fcndung der Speiser\u00f6hre (Eosinophile \u00d6sophagitis (EOE)).<\/p>\n\n\n\n<p>Wir versuchen so pragmatisch wie m\u00f6glich mit der Situation umzugehen. Es gibt immer wieder Ver\u00e4nderungen und Momente, an die wir uns anpassen m\u00fcssen. Es ist eine Reise, die oft holprig ist, und bei der wir die sch\u00f6nen Momente besonders zu sch\u00e4tzen wissen. <\/p>\n\n\n\n<p><\/p>\n\n\n\n<div class=\"wp-block-contact-form-7-contact-form-selector\">\n<div class=\"wpcf7 no-js\" id=\"wpcf7-f96-o1\" lang=\"de-DE\" dir=\"ltr\">\n<div class=\"screen-reader-response\"><p role=\"status\" aria-live=\"polite\" aria-atomic=\"true\"><\/p> <ul><\/ul><\/div>\n<form action=\"\/index.php?rest_route=%2Fwp%2Fv2%2Fpages%2F4#wpcf7-f96-o1\" method=\"post\" class=\"wpcf7-form init\" aria-label=\"Kontaktformular\" novalidate=\"novalidate\" data-status=\"init\">\n<div style=\"display: none;\">\n<input type=\"hidden\" name=\"_wpcf7\" value=\"96\" \/>\n<input type=\"hidden\" name=\"_wpcf7_version\" value=\"5.9.8\" \/>\n<input type=\"hidden\" name=\"_wpcf7_locale\" value=\"de_DE\" \/>\n<input type=\"hidden\" name=\"_wpcf7_unit_tag\" value=\"wpcf7-f96-o1\" \/>\n<input type=\"hidden\" name=\"_wpcf7_container_post\" value=\"0\" \/>\n<input type=\"hidden\" name=\"_wpcf7_posted_data_hash\" value=\"\" \/>\n<\/div>\n<p><label> Name (ben\u00f6tigt)<br \/>\n<span class=\"wpcf7-form-control-wrap\" data-name=\"your-name\"><input size=\"40\" maxlength=\"400\" class=\"wpcf7-form-control wpcf7-text wpcf7-validates-as-required\" aria-required=\"true\" aria-invalid=\"false\" value=\"\" type=\"text\" name=\"your-name\" \/><\/span> <\/label>\n<\/p>\n<p><label> E-Mail-Adresse (ben\u00f6tigt)<br \/>\n<span class=\"wpcf7-form-control-wrap\" data-name=\"your-email\"><input size=\"40\" maxlength=\"400\" class=\"wpcf7-form-control wpcf7-email wpcf7-validates-as-required wpcf7-text wpcf7-validates-as-email\" aria-required=\"true\" aria-invalid=\"false\" value=\"\" type=\"email\" name=\"your-email\" \/><\/span> <\/label>\n<\/p>\n<p><label> Betreff<br \/>\n<span class=\"wpcf7-form-control-wrap\" data-name=\"your-subject\"><input size=\"40\" maxlength=\"400\" class=\"wpcf7-form-control wpcf7-text\" aria-invalid=\"false\" value=\"\" type=\"text\" name=\"your-subject\" \/><\/span> <\/label>\n<\/p>\n<p><label> Nachricht<br \/>\n<span class=\"wpcf7-form-control-wrap\" data-name=\"your-message\"><textarea cols=\"40\" rows=\"10\" maxlength=\"2000\" class=\"wpcf7-form-control wpcf7-textarea\" aria-invalid=\"false\" name=\"your-message\"><\/textarea><\/span> <\/label>\n<\/p>\n<p><input class=\"wpcf7-form-control wpcf7-submit has-spinner\" type=\"submit\" value=\"Senden\" \/>\n<\/p><div class=\"wpcf7-response-output\" aria-hidden=\"true\"><\/div>\n<\/form>\n<\/div>\n<\/div>\n","protected":false},"excerpt":{"rendered":"<p>Herzlich willkommen bei Himbeergelb! Ich bin Sandra, Mutter von drei Kindern im Alter von vierzehn, dreizehn und elf Jahren. Ich koche und backe ohne Milch, Ei, Soja, N\u00fcsse, H\u00fclsenfr\u00fcchte und Fisch seit feststeht, dass unser \u00e4ltester Sohn allergisch auf diese&#8230;<\/p>\n","protected":false},"author":1,"featured_media":0,"parent":0,"menu_order":3,"comment_status":"closed","ping_status":"closed","template":"","meta":{"_monsterinsights_skip_tracking":false,"_monsterinsights_sitenote_active":false,"_monsterinsights_sitenote_note":"","_monsterinsights_sitenote_category":0,"footnotes":""},"_links":{"self":[{"href":"https:\/\/www.himbeergelb.ch\/index.php?rest_route=\/wp\/v2\/pages\/4"}],"collection":[{"href":"https:\/\/www.himbeergelb.ch\/index.php?rest_route=\/wp\/v2\/pages"}],"about":[{"href":"https:\/\/www.himbeergelb.ch\/index.php?rest_route=\/wp\/v2\/types\/page"}],"author":[{"embeddable":true,"href":"https:\/\/www.himbeergelb.ch\/index.php?rest_route=\/wp\/v2\/users\/1"}],"replies":[{"embeddable":true,"href":"https:\/\/www.himbeergelb.ch\/index.php?rest_route=%2Fwp%2Fv2%2Fcomments&post=4"}],"version-history":[{"count":34,"href":"https:\/\/www.himbeergelb.ch\/index.php?rest_route=\/wp\/v2\/pages\/4\/revisions"}],"predecessor-version":[{"id":1751,"href":"https:\/\/www.himbeergelb.ch\/index.php?rest_route=\/wp\/v2\/pages\/4\/revisions\/1751"}],"wp:attachment":[{"href":"https:\/\/www.himbeergelb.ch\/index.php?rest_route=%2Fwp%2Fv2%2Fmedia&parent=4"}],"curies":[{"name":"wp","href":"https:\/\/api.w.org\/{rel}","templated":true}]}}

Über mich

<div class="wp-block-group is-layout-flow wp-block-group-is-layout-flow"><div class="wp-block-group__inner-container">
<div class="wp-block-columns is-layout-flex wp-container-core-columns-layout-1 wp-block-columns-is-layout-flex">
<div class="wp-block-column is-layout-flow wp-block-column-is-layout-flow" style="flex-basis:100%"></div>
</div>
</div></div>



<p>Herzlich willkommen bei Himbeergelb! Ich bin Sandra, Mutter von drei Kindern im Alter von vierzehn, dreizehn und elf Jahren. Ich koche und backe ohne Milch, Ei, Soja, Nüsse, Hülsenfrüchte und Fisch seit feststeht, dass unser ältester Sohn allergisch auf diese Nahrungsmittel reagiert. Die Rezepte, die seither entstanden sind, möchte ich auf dieser Website teilen und hoffe, dass sie den einen oder anderen im Alltag und im Umgang mit Allergien unterstützen. Also bitte weitersagen!</p>



<p><br>Als ich vor rund dreizehn Jahren mit dem Thema Nahrungsmittelallergien konfrontiert wurde, stand ich auf verlorenem Posten. Unser erster Sohn, erst ein paar Monate alt, hatte stark ausgeprägte Neurodermitis. Dass der Auslöser dafür eine Allergie auf Milcheiweiss und weitere Nahrungsmittel war, wurde erst einige Wochen später per Bluttest klar. </p>



<!--more-->



<p>Ich stand vor einer grossen Herausforderung &#8211; was würden wir in Zukunft essen können? Zu Beginn bekam unser Baby voll hydrolysiertes Milchpulver (speziell für Allergiker), danach die ersten Breie mit Gemüse und Hirse.</p>



<p>Aber nach und nach wurde klar: Die Allergien unseres Sohnes bedeuteten eine komplette Umstellung und Anpassung unserer gewohnten Ernährung. Sämtliche Milchprodukte, Eier, Soja und weitere Hülsenfrüchte, Nüsse/Samen/Kerne und Fisch mussten wir weglassen. Wir hatten diverse Termine bei der Ernährungsberaterin, um sicherzustellen, dass wir alle Nährstoffe berücksichtigten. Die Umstellung erforderte Geduld, ist mittlerweile aber zur Gewohnheit und Normalität geworden. </p>



<p>Vor allem zu Beginn legte ich grossen Wert darauf, dass wir als Familie alle dasselbe essen und nicht immer jemand eine Ausnahme bildet. Die Allergien sollten nicht zum Hauptthema werden, sondern so normal sein, wie es eben geht. Hinzu kommt, dass jüngere Geschwister auch mal kleckern, was für unseren Allergiker bereits zum Problem werden könnte. Damit wir also einigermassen entspannt am Familientisch zusammen essen konnten, war es deswegen viel einfacher, gleich ganz auf gewisse Produkte zu verzichten. </p>



<p>Unser Fokus liegt denn auf den Nahrungsmitteln, die unser Sohn essen darf: gekochtes Gemüse und Früchte (ausser Hülsenfrüchte), glutenfreies Getreide, Fleisch. Auf Gluten verzichtet unser Sohn seit einigen Jahren wegen der chronischen Entzündung der Speiseröhre (Eosinophile Ösophagitis (EOE)).</p>



<p>Wir versuchen so pragmatisch wie möglich mit der Situation umzugehen. Es gibt immer wieder Veränderungen und Momente, an die wir uns anpassen müssen. Es ist eine Reise, die oft holprig ist, und bei der wir die schönen Momente besonders zu schätzen wissen. </p>



<p></p>



<div class="wp-block-contact-form-7-contact-form-selector">
<div class="wpcf7 no-js" id="wpcf7-f96-o1" lang="de-DE" dir="ltr">
<div class="screen-reader-response"><p role="status" aria-live="polite" aria-atomic="true"></p> <ul></ul></div>
<form action="/index.php?rest_route=%2Fwp%2Fv2%2Fpages%2F4#wpcf7-f96-o1" method="post" class="wpcf7-form init" aria-label="Kontaktformular" novalidate="novalidate" data-status="init">
<div style="display: none;">
<input type="hidden" name="_wpcf7" value="96" />
<input type="hidden" name="_wpcf7_version" value="5.9.8" />
<input type="hidden" name="_wpcf7_locale" value="de_DE" />
<input type="hidden" name="_wpcf7_unit_tag" value="wpcf7-f96-o1" />
<input type="hidden" name="_wpcf7_container_post" value="0" />
<input type="hidden" name="_wpcf7_posted_data_hash" value="" />
</div>
<p><label> Name (benötigt)<br />
<span class="wpcf7-form-control-wrap" data-name="your-name"><input size="40" maxlength="400" class="wpcf7-form-control wpcf7-text wpcf7-validates-as-required" aria-required="true" aria-invalid="false" value="" type="text" name="your-name" /></span> </label>
</p>
<p><label> E-Mail-Adresse (benötigt)<br />
<span class="wpcf7-form-control-wrap" data-name="your-email"><input size="40" maxlength="400" class="wpcf7-form-control wpcf7-email wpcf7-validates-as-required wpcf7-text wpcf7-validates-as-email" aria-required="true" aria-invalid="false" value="" type="email" name="your-email" /></span> </label>
</p>
<p><label> Betreff<br />
<span class="wpcf7-form-control-wrap" data-name="your-subject"><input size="40" maxlength="400" class="wpcf7-form-control wpcf7-text" aria-invalid="false" value="" type="text" name="your-subject" /></span> </label>
</p>
<p><label> Nachricht<br />
<span class="wpcf7-form-control-wrap" data-name="your-message"><textarea cols="40" rows="10" maxlength="2000" class="wpcf7-form-control wpcf7-textarea" aria-invalid="false" name="your-message"></textarea></span> </label>
</p>
<p><input class="wpcf7-form-control wpcf7-submit has-spinner" type="submit" value="Senden" />
</p><div class="wpcf7-response-output" aria-hidden="true"></div>
</form>
</div>
</div>

<p>Herzlich willkommen bei Himbeergelb! Ich bin Sandra, Mutter von drei Kindern im Alter von vierzehn, dreizehn und elf Jahren. Ich koche und backe ohne Milch, Ei, Soja, Nüsse, Hülsenfrüchte und Fisch seit feststeht, dass unser ältester Sohn allergisch auf diese&#8230;</p>
